der when 209 is divided by 35.
34
Calculate the remainder when 83 is divided by 74.
9
What is the remainder when 590 is divided by 74?
72
Calculate the remainder when 619 is divided by 62.
61
Calculate the remainder when 1138 is divided by 20.
18
Calculate the remainder when 4258 is divided by 1417.
7
What is the remainder when 102 is divided by 79?
23
Calculate the remainder when 191 is divided by 92.
7
What is the remainder when 127 is divided by 35?
22
Calculate the remainder when 905 is divided by 338.
229
Calculate the remainder when 45 is divided by 14.
3
What is the remainder when 3210 is divided by 13?
12
Calculate the remainder when 39 is divided by 15.
9
Calculate the remainder when 2307 is divided by 72.
3
Calculate the remainder when 622 is divided by 24.
22
Calculate the remainder when 749 is divided by 25.
24
Calculate the remainder when 109 is divided by 30.
19
What is the remainder when 21 is divided by 8?
5
What is the remainder when 927 is divided by 256?
159
Calculate the remainder when 175 is divided by 94.
81
Calculate the remainder when 4209 is divided by 222.
213
Calculate the remainder when 165 is divided by 21.
18
What is the remainder when 6929 is divided by 42?
41
Calculate the remainder when 12540 is divided by 339.
336
What is the remainder when 44686 is divided by 19?
17
What is the remainder when 2992 is divided by 111?
106
What is the remainder when 516 is divided by 89?
71
What is the remainder when 103 is divided by 23?
11
Calculate the remainder when 778 is divided by 46.
42
Calculate the remainder when 3493 is divided by 174.
13
What is the remainder when 2506 is divided by 1198?
110
What is the remainder when 87964 is divided by 27?
25
Calculate the remainder when 1204 is divided by 42.
28
What is the remainder when 29 is divided by 15?
14
Calculate the remainder when 74 is divided by 25.
24
What is the remainder when 1435 is divided by 33?
16
Calculate the remainder when 2941 is divided by 105.
1
What is the remainder when 4317 is divided by 24?
21
What is the remainder when 71 is divided by 28?
15
What is the remainder when 299 is divided by 297?
2
Calculate the remainder when 234 is divided by 98.
38
Calculate the remainder when 41 is divided by 14.
13
What is the remainder when 1949 is divided by 44?
13
Calculate the remainder when 2614 is divided by 6.
4
What is the remainder when 63 is divided by 34?
29
What is the remainder when 1564 is divided by 217?
45
Calculate the remainder when 86 is divided by 15.
11
What is the remainder when 4707 is divided by 188?
7
Calculate the remainder when 1967 is divided by 13.
4
Calculate the remainder when 21538 is divided by 10.
8
What is the remainder when 165 is divided by 87?
78
Calculate the remainder when 48 is divided by 43.
5
What is the remainder when 94 is divided by 27?
13
What is the remainder when 1088 is divided by 99?
98
Calculate the remainder when 422 is divided by 53.
51
What is the remainder when 962 is divided by 44?
38
What is the remainder when 115 is divided by 32?
19
What is the remainder when 2414 is divided by 1179?
56
What is the remainder when 486 is divided by 146?
48
What is the remainder when 171 is divided by 18?
9
What is the remainder when 478 is divided by 21?
16
Calculate the remainder when 3686 is divided by 17.
14
What is the remainder when 264 is divided by 53?
52
What is the remainder when 95 is divided by 23?
3
Calculate the remainder when 987 is divided by 43.
41
Calculate the remainder when 101 is divided by 29.
14
Calculate the remainder when 119 is divided by 48.
23
What is the remainder when 79 is divided by 3?
1
What is the remainder when 436 is divided by 20?
16
What is the remainder when 1439 is divided by 16?
15
What is the remainder when 138 is divided by 9?
3
Calculate the remainder when 241 is divided by 35.
31
Calculate the remainder when 156 is divided by 75.
6
What is the remainder when 1419 is divided by 106?
41
What is the remainder when 919 is divided by 37?
31
Calculate the remainder when 94 is divided by 49.
45
Calculate the remainder when 94 is divided by 36.
22
What is the remainder when 377 is divided by 88?
25
Calculate the remainder when 6194 is divided by 6.
2
Calculate the remainder when 2741 is divided by 2739.
2
What is the remainder when 866 is divided by 79?
76
What is the remainder when 588 is divided by 19?
18
Calculate the remainder when 1077 is divided by 24.
21
What is the remainder when 48 is divided by 12?
0
Calculate the remainder when 2679 is divided by 304.
247
What is the remainder when 203 is divided by 69?
65
What is the remainder when 74 is divided by 3?
2
What is the remainder when 623 is divided by 33?
29
What is the remainder when 199 is divided by 34?
29
What is the remainder when 4259 is divided by 12?
11
Calculate the remainder when 1757 is divided by 41.
35
What is the remainder when 872 is divided by 224?
200
What is the remainder when 1089 is divided by 137?
130
Calculate the remainder when 7669 is divided by 118.
117
What is the remainder when 1205 is divided by 17?
15
What is the remainder when 814 is divided by 103?
93
Calculate the remainder when 120 is divided by 52.
16
What is the remainder when 2399 is divided by 96?
95
What is the remainder when 267 is divided by 253?
14
Calculate the remainder when 972 is divided by 15.
12
What is the remainder when 6292 is divided by 31?
30
What is the remainder when 1392 is divided by 31?
28
What is the remainder when 704 is divided by 206?
86
Calculate the remainder when 20006 is divided by 122.
120
What is the remainder when 145 is divided by 32?
17
Calculate the remainder when 2184 is divided by 95.
94
Calculate the remainder when 1429 is divided by 33.
10
What is the remainder when 234 is divided by 10?
4
Calculate the remainder when 146 is divided by 44.
14
What is the remainder when 1489 is divided by 21?
19
What is the remainder when 6397 is divided by 2129?
10
Calculate the remainder when 182 is divided by 53.
23
Calculate the remainder when 624 is divided by 25.
24
Calculate the remainder when 217 is divided by 23.
10
What is the remainder when 72 is divided by 19?
15
What is the remainder when 307 is divided by 149?
9
Calculate the remainder when 152 is divided by 78.
74
Calculate the remainder when 1074 is divided by 57.
48
Calculate the remainder when 627 is divided by 197.
36
What is the remainder when 2606 is divided by 1303?
0
Calculate the remainder when 144 is divided by 30.
24
Calculate the remainder when 264 is divided by 72.
48
What is the remainder when 249 is divided by 9?
6
What is the remainder when 31 is divided by 8?
7
Calculate the remainder when 543 is divided by 41.
10
Calculate the remainder when 233 is divided by 7.
2
What is the remainder when 9406 is divided by 24?
22
What is the remainder when 7132 is divided by 1186?
16
Calculate the remainder when 575 is divided by 48.
47
What is the remainder when 232 is divided by 13?
11
Calculate the remainder when 829 is divided by 147.
94
What is the remainder when 16208 is divided by 29?
26
Calculate the remainder when 138 is divided by 48.
42
What is the remainder when 753 is divided by 50?
3
What is the remainder when 12608 is divided by 13?
11
What is the remainder when 470 is divided by 23?
10
What is the remainder when 19447 is divided by 17?
16
What is the remainder when 449 is divided by 30?
29
Calculate the remainder when 1510 is divided by 15.
10
Calculate the remainder when 7 is divided by 6.
1
What is the remainder when 1880 is divided by 21?
11
What is the remainder when 2563 is divided by 162?
133
Calculate the remainder when 72 is divided by 25.
22
What is the remainder when 3255 is divided by 22?
21
What is the remainder when 2012 is divided by 56?
52
What is the remainder when 11341 is divided by 214?
213
What is the remainder when 65 is divided by 8?
1
What is the remainder when 580 is divided by 99?
85
What is the remainder when 5180 is divided by 3?
2
Calculate the remainder when 132 is divided by 13.
2
What is the remainder when 3417 is divided by 263?
261
What is the remainder when 16258 is divided by 30?
28
Calculate the remainder when 299 is divided by 50.
49
What is the remainder when 1195 is divided by 80?
75
What is the rem